me?
True
Let p(i) = 115*i**2 - 8*i + 10. Let d be p(4). Suppose -r - r - d = -2*j, 5*j + 4*r = 4581. Is j a prime number?
False
Let f(v) = -6*v - 2. Suppose a - 18 = -4*l, 3*l - 9 = 2*a + 2*l. Let c be f(a). Suppose c*k + 254 = 11*k. Is k prime?
False
Let t(m) = 6*m**2 + 6*m - 29. Is t(-11) composite?
False
Let q = 23914 + -11715. Is q a composite number?
True
Suppose 2077*r - 2070*r - 104909 = 0. Is r composite?
True
Suppose z + 12 = 5*z, 0 = -2*n + z + 3271. Is n a composite number?
False
Let a(k) be the third derivative of 61*k**5/30 + k**4/24 - 7*k**3/6 - 10*k**2. Let s(z) = -z**3 + 13*z**2 - z + 17. Let w be s(13). Is a(w) a prime number?
True
Suppose 5*m + 3*f = 44389, 27*f - 31*f = 8. Is m prime?
False
Let w(f) = -f**3 + 6*f**2 + 2*f - 7. Let y be w(6). Suppose -453 = -4*o - 3*j, -y*j + 4*j = -3. Is o a composite number?
True
Suppose -3*c = 4*v - 2*c - 1082, 2*c + 546 = 2*v. Is v composite?
False
Let p = 588 + 1571. Is p prime?
False
Suppose -u = 2*v - 0*v + 8, -v = -4*u - 5. Let w be (12 - 19)/(u/248). Let d = w + -367. Is d composite?
True
Let b = -6332 + 2792. Is (2/6)/(-3 - b/1179) a composite number?
False
Suppose -3*x = -2*f + 46246, -23097 = -f - 6*x + x. Is f prime?
True
Suppose -1651622 = -17*l + 3*l. Is l a composite number?
False
Let i = 88 - 85. Is 22*i*(-4)/(-24) prime?
True
Suppose 11*r - 10 = 6*r. Suppose -10 = 2*a - r, a - 425 = -3*g. Is g prime?
False
Suppose 56517 = -3*h + 6*h. Is h prime?
True
Let y(a) = -326*a + 33. Is y(-5) a composite number?
False
Suppose -s = -0*g + 5*g, -5*g = -5*s. Suppose -m - 2 = -s. Is ((-716)/(4/2))/m a composite number?
False
Let x(q) be the second derivative of q**5/20 - q**4/12 - 5*q**3/6 - 7*q**2/2 - 7*q. Let h(g) be the first derivative of x(g). Is h(-8) prime?
False
Let d(w) = -w - 5. Let b be d(-10). Suppose 0 = -b*f - t + 19, 3*t = 4*f - 0*t - 19. Suppose f*i = 242 - 30. Is i composite?
False
Let l be -18 - -15 - 119/(-1). Let g = l + -57. Is g prime?
True
Let s(p) = -111*p + 41 - 20 - 20. Let z = 0 + -2. Is s(z) a composite number?
False
Suppose 10*x - 391061 = 271329. Is x a composite number?
False
Let n(t) = 9*t**3 - 11*t**2 - 6*t - 4. Let l(u) = 10*u**3 - 10*u**2 - 6*u - 3. Let o(z) = -5*l(z) + 4*n(z). Is o(-4) composite?
False
Let r(h) = -h - 8. Let u = 3 - 10. Let n be r(u). Is -47*((2 - n) + -5) prime?
False
Let r = 37 - -13. Let k = 161 + r. Is k prime?
True
Suppose 300521 = 100*t - 705579. Is t a prime number?
True
Suppose 0 = -5*b + 3341 + 939. Suppose 5*n - 5*a - 831 = 139, 0 = -2*n + 3*a + 393. Suppose s = -v - 3*v + n, 4*s - b = 4*v. Is s a composite number?
True
Let v = 5 - 12. Let n(o) = o**3 + 9*o**2 - 4*o + 1. Is n(v) a composite number?
False
Let x(d) = -d**3 + 13*d**2 + 13*d + 17. Let p = -21 - -35. Let o be x(p). Is o/(12/(-38))*-4 a prime number?
False
Let i(x) = -x**3 + 6*x**2 + 7*x + 4. Let z be i(7). Suppose 5*n - 23 = -2*o - 0*n, 24 = -4*o + z*n. Is 748/2 + o*3 a composite number?
True
Let g = 91 - 13. Let p = -53 + g. Is (-3 - 2)*(-4395)/p prime?
False
Let a = -104 + 48. Let x be (-1 + 0)/(14/a). Is (x/(-6))/(1/(-411)) composite?
True
Let k(a) = 160*a**3 + a**2 - a - 1. Let f be k(-1). Let r(d) = 251*d**3 + 6*d - 5. Let u be r(1). Let y = u + f. Is y a prime number?
False
Is ((-245)/(-21) - 13)*249/(-4) a composite number?
False
Let h be -4 - 30/(-9) - (-40)/6. Suppose 0 = h*j - 627 - 2319. Is j composite?
False
Let t be (2 + -5)/(2/(-2)). Let f(v) = -4 + 2*v**2 - 3 + 11*v**2 - 4*v - t*v**2. Is f(-7) a composite number?
True
Suppose 0 = -4*q - 0*q + 2*w + 18, 4*q - w - 19 = 0. Suppose -6*j = -q*j - 79. Is j a prime number?
True
Is ((-28599)/(-3))/(-4*(-3)/12) composite?
False
Let u(t) = -2*t**2 + 41*t + 11. Is u(8) a composite number?
False
Let l = 26359 + -14352. Is l a prime number?
True
Let u(h) = -13*h**2 + 2*h + 1. Let w be u(-1). Is 1503/6 - 7/w a prime number?
True
Suppose 0 = -7*m + 3896 + 13751. Is m prime?
True
Let i(d) = 18*d - 5. Let u be i(-5). Is 38/u + (-2692)/(-5) a prime number?
False
Is (-3 + -1)*(-290364)/48 prime?
True
Suppose 4*j = 6*j. Is (-111 + -4)/(-1 - j) composite?
True
Is (99114/(-8))/(-1)*(-420)/(-63) a prime number?
False
Let x(i) = -17*i**2 - 3*i + 2. Let m be x(1). Let j be (-3)/(-9) + 6/m. Is 0/7 - (j + -97) a prime number?
True
Let b(q) = q**3 + 8*q**2 - 3*q - 15. Let h be b(-8). Let x(p) = -21*p**2 + 36*p + 10. Let n(u) = -4*u**2 + 7*u + 2. Let i(j) = -11*n(j) + 2*x(j). Is i(h) prime?
False
Let x(g) = -g - 5. Let t be x(-7). Suppose -3*c = -4*i - 0*c + 3496, 2*i = -t*c + 1762. Is i composite?
False
Let f(p) = -66*p - 1. Let w be f(-1). Let i be 150/(-9) - 2/(-3). Let x = i + w. Is x prime?
False
Let z = -24 - -21. Let a be (-4 - -360)*3/z. Is (a/(-10))/(8/20) prime?
True
Suppose 4*a = 4*p - 9 + 25, -5*p - 4 = -a. Suppose -3*l = 2*r - 1551, -a*l + 2082 = -0*l - 2*r. Is l composite?
True
Let r = 9062 + -3123. Is r prime?
True
Suppose -5*r + 5 = 2*v, 2*v - 2*r - 2 = -18. Let o be 1023/v*(-7 + 2). Let a = o - 706. Is a prime?
True
Let c be (2 + -2)*2/(-4). Suppose c = 2*s + 153 + 43. Let j = 33 - s. Is j composite?
False
Suppose -4*y = -3*m - 113, -3*y + 2*m + 91 = 6*m. Let t = y + -25. Suppose -401 = -t*q - 3*l + 92, 5*q - 3*l = 596. Is q composite?
True
Let d = 64419 + -37450. Is d a composite number?
True
Suppose 0 = -2*f - 0*w + w + 2, -5*f + 35 = 5*w. Let y be 2 + -4 - (-10 + f). Suppose -n + y*p + 107 = 0, p - 20 = -4*p. Is n composite?
False
Let r(y) = 26*y**3 + 2*y - 1. Let c be r(-2). Let i = 575 + -673. Let k = i - c. Is k composite?
True
Let u be 6/10 - 34/(-10). Let c be (-1)/u - 1226/(-8). Let m = c - 107. Is m a prime number?
False
Let z(h) = h + 9. Let x be z(4). Suppose -5*c + 13 = -o, 4*c - x - 5 = -3*o. Suppose 0 = -3*p - 5*i + i + 37, -c*i = 3*p - 42. Is p a prime number?
True
Let p(w) = 7*w**2 - 21. Let a be p(-12). Let y = 2546 - a. Is y a prime number?
True
Suppose h - 8 = -83. Let f = h + 166. Is f a composite number?
True
Let w = -249 - -839. Let n = -3 + w. Is n prime?
True
Let w be (7/21)/(1/3). Let l be (1/w)/(4/(-688)). Let m = l + 257. Is m a composite number?
True
Let b(p) = -2*p + 1. Let g be b(3). Let y = 10 + g. Suppose -3*a + 1603 = y*f, a - 2*f + 76 = 625. Is a prime?
True
Let s(b) = b**3 - b**2 + 24. Let m be s(0). Let p be (6/(-4))/(-3)*m. Is -3*37*(-4)/p a prime number?
True
Let f(l) = 4603*l**2 + 15*l + 37. Is f(-5) a composite number?
True
Suppose 2*y + 2*z = 6, -3*z = -5*y - 3 - 6. Is y + 6/(6/35) a composite number?
True
Let d(h) be the second derivative of 95*h**3/6 - 3*h**2/2 + 80*h. Let m(q) = -q**2 + 3*q + 2. Let k be m(3). Is d(k) composite?
True
Suppose 0 = 32*a - 29*a + 5*l - 13087, -a + 5*l + 4389 = 0. Is a composite?
True
Suppose -9205 = -13*h + 71122. Is h a composite number?
True
Suppose -2*i + 958 = 5*o - 10653, 2*o = -3*i + 4640. Is o composite?
True
Let m(a) = a + 9. Let b be m(-4). Suppose -2*o + 668 = -2*j, -o - 2*j + b = -320. Is o prime?
True
Suppose 0 = n - 5*a - 83, 2*a - 4*a = 5*n - 550. Let r = n - 53. Is r a composite number?
True
Suppose 5*o - 20*x - 286511 = -24*x, x + 114594 = 2*o. Is o a prime number?
False
Let a be (-15)/(-2)*11134/(-57). Let j = a - -2856. Is j composite?
True
Let d(l) be the first derivative of 8/3*l**3 + 2 + 5/2*l**2 + 1/4*l**4 + 3*l. Is d(-5) prime?
True
Suppose -g - 5 = 0, 0 = -4*d + 3*g + 5 + 22. Suppose -4*t = -x - 2344, 5*t - d*x - 2923 = -0*t. Is t composite?
False
Suppose 5*j - 4*j = -243. Let o be 1 + -2 - (j - 4). Suppose 139 + o = 5*c. Is c a prime number?
False
Suppose -5*f - 778 = -2*h, 3*f - f = 0. Let w(j) = -11*j - 4. Let m be w(-6). Let x = m + h. Is x prime?
False
Is 5 + 18*(-4952)/(-24) a composite number?
False
Let r be (-450570)/105 - (2 + (-45)/21). Let f = -2228 - r. Is f a prime number?
True
Is ((-27355)/(-4))/1 - 5/(-20) prime?
False
Let h be (-3)/2*((-64)/(-12) - 4). Let t(y) = 545*y**2 - 4*y - 9. Is t(h) a prime number?
True
Suppose -3*n + 4098 = -69. Suppose -n = -7*z + 3910. Is z a prime number?
True
Suppose q + 0*q = 4. Suppose -12 = q*v - 2*c, c = -2*v + 3*c - 8. Is 587 + (v - 8/(-4)) a prime number?
True
Let w(q) = 3233*q**2 - 15*q + 15. Is w(-5) prime?
False
Is (6/(-27))/(20/(-153540)) a composite number?
True
Suppose 2*f - 20 = -2*n, -2*n + 0*n + f = -8. Suppose -x - 20 = -n*x. Suppose 1496 = x*j - 3*